f 33418 and 1550.
62
What is the greatest common factor of 108 and 2193?
3
Calculate the highest common divisor of 473186 and 1022.
1022
What is the greatest common factor of 378 and 20286?
126
What is the highest common factor of 94 and 226399?
47
Calculate the greatest common factor of 125246 and 44.
22
What is the highest common factor of 1058 and 206264?
46
What is the greatest common divisor of 27 and 404055?
27
Calculate the highest common divisor of 16 and 11551728.
16
What is the highest common factor of 1969 and 50657?
179
What is the highest common factor of 4609 and 7123?
419
What is the highest common factor of 228 and 442434?
114
Calculate the highest common divisor of 392439 and 257.
257
Calculate the greatest common divisor of 121326 and 1606.
146
What is the highest common factor of 33632 and 480307?
1051
Calculate the greatest common factor of 49996 and 24708.
116
What is the highest common factor of 30 and 10235985?
15
Calculate the highest common factor of 528 and 620224.
176
What is the highest common factor of 174 and 384?
6
What is the greatest common factor of 1441 and 4246?
11
Calculate the highest common divisor of 170 and 3457970.
170
What is the highest common factor of 985082 and 238?
238
What is the highest common factor of 9088 and 1000?
8
Calculate the greatest common factor of 1272 and 120.
24
What is the greatest common divisor of 98750 and 2?
2
What is the greatest common divisor of 136313 and 1084?
271
What is the highest common factor of 165375 and 12075?
525
Calculate the greatest common factor of 88 and 28721.
11
What is the greatest common factor of 68 and 3757?
17
Calculate the greatest common factor of 63 and 10.
1
What is the highest common divisor of 9858 and 6882?
186
What is the greatest common factor of 3760 and 253424?
752
Calculate the highest common factor of 359008 and 880.
16
What is the greatest common divisor of 25415 and 460?
115
What is the highest common factor of 144 and 2608?
16
Calculate the greatest common divisor of 5625 and 25650.
225
What is the greatest common divisor of 16663 and 19?
19
What is the highest common divisor of 4 and 41408?
4
What is the greatest common factor of 1280 and 81040?
80
Calculate the highest common factor of 469734 and 1422.
474
Calculate the greatest common divisor of 4374 and 24.
6
Calculate the greatest common factor of 6 and 2402.
2
What is the highest common divisor of 18395 and 260?
65
Calculate the greatest common factor of 11715 and 6545.
55
Calculate the highest common factor of 42117 and 202.
101
What is the greatest common divisor of 4688817 and 21?
21
Calculate the greatest common factor of 3097 and 26569.
163
What is the greatest common factor of 11 and 3795?
11
What is the greatest common factor of 62 and 5579070?
62
What is the highest common divisor of 22970 and 80?
10
What is the greatest common factor of 2747 and 3283?
67
What is the highest common divisor of 3985 and 5?
5
What is the highest common divisor of 9 and 260082?
9
Calculate the greatest common factor of 14208 and 1110.
222
What is the greatest common factor of 476 and 100674?
238
Calculate the highest common divisor of 27000 and 1135800.
1800
Calculate the greatest common divisor of 18256 and 67319.
1141
Calculate the greatest common factor of 60 and 52230.
30
Calculate the highest common factor of 155584 and 13702.
442
What is the greatest common factor of 531 and 66493?
59
Calculate the highest common divisor of 11058 and 285.
57
What is the greatest common factor of 2030 and 30856?
406
Calculate the greatest common divisor of 106798 and 6767.
67
What is the highest common factor of 3197538 and 1047?
1047
Calculate the highest common divisor of 948 and 1406358.
474
What is the greatest common divisor of 8511 and 15?
3
What is the greatest common divisor of 912 and 1584?
48
Calculate the greatest common divisor of 78750 and 23310.
630
Calculate the highest common divisor of 69 and 506.
23
What is the highest common divisor of 618758 and 56?
14
What is the highest common divisor of 4753 and 2134?
97
Calculate the highest common factor of 5632 and 2750.
22
Calculate the greatest common factor of 42 and 318306.
6
Calculate the highest common divisor of 246588 and 36.
12
What is the highest common factor of 1200458 and 266?
266
Calculate the highest common factor of 1351 and 854.
7
What is the highest common divisor of 417 and 181117?
139
Calculate the highest common factor of 1480 and 40720.
40
What is the highest common divisor of 51 and 1226397?
51
What is the greatest common factor of 12 and 2726?
2
Calculate the greatest common factor of 65439 and 396.
99
Calculate the greatest common factor of 2429 and 249493.
347
What is the highest common factor of 85275 and 3100?
25
Calculate the highest common factor of 1840 and 138.
46
Calculate the highest common divisor of 490 and 19061.
49
Calculate the greatest common divisor of 543440 and 80.
80
What is the highest common divisor of 17630 and 10750?
430
What is the greatest common factor of 104835 and 3915?
435
Calculate the greatest common divisor of 156 and 74958.
78
Calculate the highest common factor of 50351 and 63.
7
What is the greatest common divisor of 819 and 564837?
273
What is the highest common factor of 20 and 51670?
10
Calculate the greatest common divisor of 713 and 7460119.
713
Calculate the greatest common divisor of 658 and 14875.
7
Calculate the greatest common factor of 1548 and 1352436.
516
Calculate the highest common factor of 70 and 32410.
70
Calculate the greatest common factor of 275956 and 12.
4
What is the highest common factor of 23595 and 9165?
195
What is the highest common factor of 4016 and 351149?
251
Calculate the greatest common factor of 193179 and 483.
21
What is the highest common divisor of 135 and 250830?
135
Calculate the greatest common factor of 6498 and 118674.
342
What is the greatest common factor of 51756 and 1816?
908
What is the greatest common divisor of 5089735 and 155?
155
Calculate the greatest common factor of 19 and 955529.
19
What is the greatest common factor of 106722 and 26499?
363
Calculate the greatest common factor of 3090 and 11948.
206
What is the highest common factor of 2321 and 87143?
211
What is the greatest common factor of 390 and 13390?
130
Calculate the highest common factor of 881148 and 5044.
388
What is the greatest common factor of 140047 and 23?
23
What is the greatest common factor of 466096 and 16?
16
Calculate the greatest common factor of 432 and 111753.
27
What is the highest common factor of 37736 and 89?
89
What is the highest common factor of 1065494 and 892?
446
Calculate the highest common divisor of 274964 and 424.
212
What is the greatest common divisor of 552 and 412?
4
What is the greatest common factor of 4163 and 1725?
23
What is the greatest common divisor of 6802 and 3116?
38
Calculate the highest common factor of 32 and 4360.
8
What is the highest common factor of 3233820 and 100?
20
What is the greatest common divisor of 144 and 67152?
48
What is the highest common divisor of 8073 and 2484?
621
What is the greatest common factor of 40449 and 194?
97
What is the greatest common factor of 1117 and 13?
1
What is the highest common factor of 54 and 1018?
2
What is the greatest common factor of 3345 and 530?
5
Calculate the greatest common divisor of 2961 and 282.
141
Calculate the highest common divisor of 752355 and 45.
45
What is the highest common factor of 6342 and 671648?
302
What is the greatest common factor of 436 and 192058?
218
Calculate the highest common divisor of 10656 and 1480.
296
Calculate the highest common factor of 5377 and 117445.
283
What is the highest common divisor of 70784 and 5688?
632
Calculate the greatest common factor of 1198 and 472611.
599
What is the greatest common factor of 2119 and 494?
13
Calculate the greatest common divisor of 8704 and 1054.
34
Calculate the greatest common divisor of 131446 and 1148.
574
What is the greatest common divisor of 22289 and 11129?
31
What is the highest common factor of 925531 and 51?
17
What is the greatest common divisor of 54 and 1522?
2
Calculate the highest common divisor of 5506 and 10.
2
Calculate the greatest common divisor of 3872 and 363.
121
What is th